{"id":37,"date":"2025-10-01T13:08:21","date_gmt":"2025-10-01T16:08:21","guid":{"rendered":"https:\/\/pregoncriollo.cl\/?page_id=37"},"modified":"2025-10-21T21:29:37","modified_gmt":"2025-10-22T00:29:37","slug":"repertorio","status":"publish","type":"page","link":"https:\/\/pregoncriollo.cl\/index.php\/repertorio\/","title":{"rendered":"Repertorio"},"content":{"rendered":"\n<h2 class=\"wp-block-heading\"><strong><em>Repertorio<\/em><\/strong><\/h2>\n\n\n\n<h4 class=\"wp-block-heading\"><strong>Huaso<\/strong><\/h4>\n\n\n\n<div class=\"wp-block-columns is-layout-flex wp-container-core-columns-is-layout-9d6595d7 wp-block-columns-is-layout-flex\">\n<div class=\"wp-block-column is-layout-flow wp-block-column-is-layout-flow\">\n<p class=\"justificar\">La zona central es la regi\u00f3n m\u00e1s poblada de Chile y donde se conservan con mayor fuerza las influencias musicales y danc\u00edsticas del Viejo Continente. Estas tradiciones europeas se fusionaron con la m\u00fasica aut\u00f3ctona, dando origen a la m\u00fasica criolla chilena, cuya expresi\u00f3n m\u00e1s representativa es la figura del huaso y el campesino.<br>Tras las faenas agr\u00edcolas, estos protagonistas celebran y agradecen con cantos, arpa y guitarra, interpretando los bailes m\u00e1s tradicionales de la regi\u00f3n.<br>El Grupo Folcl\u00f3rico Preg\u00f3n Criollo, bas\u00e1ndose en investigaciones y recopilaciones de diversos autores, presenta el montaje art\u00edstico \u201cHuaso\u201d, respetando fielmente las fuentes originales.<\/p>\n<\/div>\n\n\n\n<div class=\"wp-block-column is-layout-flow wp-block-column-is-layout-flow\"><div class=\"wp-block-image decoracion_imagen\">\n<figure class=\"aligncenter size-medium\"><img loading=\"lazy\" decoding=\"async\" width=\"300\" height=\"225\" src=\"https:\/\/pregoncriollo.cl\/wp-content\/uploads\/2025\/10\/1-Huaso_webp-300x225.webp\" alt=\"\" class=\"wp-image-905\" srcset=\"https:\/\/pregoncriollo.cl\/wp-content\/uploads\/2025\/10\/1-Huaso_webp-300x225.webp 300w, https:\/\/pregoncriollo.cl\/wp-content\/uploads\/2025\/10\/1-Huaso_webp-768x576.webp 768w, https:\/\/pregoncriollo.cl\/wp-content\/uploads\/2025\/10\/1-Huaso_webp.webp 800w\" sizes=\"auto, (max-width: 300px) 100vw, 300px\" \/><\/figure><\/div><\/div>\n<\/div>\n\n\n\n<div style=\"height:20px\" aria-hidden=\"true\" class=\"wp-block-spacer is-style-default\"><\/div>\n\n\n\n<h4 class=\"wp-block-heading\"><strong>Fiesta de Carnaval<\/strong><\/h4>\n\n\n\n<div class=\"wp-block-columns is-layout-flex wp-container-core-columns-is-layout-9d6595d7 wp-block-columns-is-layout-flex\">\n<div class=\"wp-block-column is-layout-flow wp-block-column-is-layout-flow\">\n<p class=\"justificar\">El Norte Grande de Chile se caracteriza por un folclore influido fuertemente por la cultura del Altiplano, habitado principalmente por descendientes de los pueblos aimara y quechua. En esta regi\u00f3n predominan canciones y danzas de ritmo pausado, muchas de ellas con ra\u00edces precolombinas. Las danzas incluyen tanto expresiones ceremoniales religiosas como bailes festivos y recreativos.<br>Preg\u00f3n Criollo, bas\u00e1ndose en investigaciones, recopilaciones y trabajos de diversos autores, presenta montajes coreogr\u00e1ficos bajo el nombre &#8220;La Fiesta de Carnaval&#8221;.<\/p>\n<\/div>\n\n\n\n<div class=\"wp-block-column is-layout-flow wp-block-column-is-layout-flow\"><div class=\"wp-block-image decoracion_imagen\">\n<figure class=\"aligncenter size-medium\"><img loading=\"lazy\" decoding=\"async\" width=\"300\" height=\"225\" src=\"https:\/\/pregoncriollo.cl\/wp-content\/uploads\/2025\/10\/2-Fiesta-Carnaval_webp-300x225.webp\" alt=\"\" class=\"wp-image-906\" srcset=\"https:\/\/pregoncriollo.cl\/wp-content\/uploads\/2025\/10\/2-Fiesta-Carnaval_webp-300x225.webp 300w, https:\/\/pregoncriollo.cl\/wp-content\/uploads\/2025\/10\/2-Fiesta-Carnaval_webp-768x576.webp 768w, https:\/\/pregoncriollo.cl\/wp-content\/uploads\/2025\/10\/2-Fiesta-Carnaval_webp.webp 800w\" sizes=\"auto, (max-width: 300px) 100vw, 300px\" \/><\/figure><\/div><\/div>\n<\/div>\n\n\n\n<div style=\"height:20px\" aria-hidden=\"true\" class=\"wp-block-spacer\"><\/div>\n\n\n\n<h4 class=\"wp-block-heading\"><strong>La Chilena<\/strong><\/h4>\n\n\n\n<div class=\"wp-block-columns is-layout-flex wp-container-core-columns-is-layout-9d6595d7 wp-block-columns-is-layout-flex\">\n<div class=\"wp-block-column is-layout-flow wp-block-column-is-layout-flow\">\n<p class=\"justificar\">Afines de 1824 y comienzo de 1825, del Virreinato del Per\u00fa llega a Chile con el nombre de Zamacueca. De su procedencia hay tres teor\u00edas: Uno que es de origen africano, otro que de origen Ind\u00edgena y otros que es de origen europeo.<br>La cueca y su canto, dentro de su funci\u00f3n recreativa y amenizadora es la \u00fanica que ha permanecido desde la colonia hasta hoy d\u00eda, convirti\u00e9ndose en nuestra danza nacional y es parte del Patrimonio Inmaterial.<\/p>\n<\/div>\n\n\n\n<div class=\"wp-block-column is-layout-flow wp-block-column-is-layout-flow\"><div class=\"wp-block-image decoracion_imagen\">\n<figure class=\"aligncenter size-medium\"><img loading=\"lazy\" decoding=\"async\" width=\"300\" height=\"225\" src=\"https:\/\/pregoncriollo.cl\/wp-content\/uploads\/2025\/10\/3-La-Chilena_webp-300x225.webp\" alt=\"\" class=\"wp-image-907\" srcset=\"https:\/\/pregoncriollo.cl\/wp-content\/uploads\/2025\/10\/3-La-Chilena_webp-300x225.webp 300w, https:\/\/pregoncriollo.cl\/wp-content\/uploads\/2025\/10\/3-La-Chilena_webp-768x576.webp 768w, https:\/\/pregoncriollo.cl\/wp-content\/uploads\/2025\/10\/3-La-Chilena_webp.webp 800w\" sizes=\"auto, (max-width: 300px) 100vw, 300px\" \/><\/figure><\/div><\/div>\n<\/div>\n\n\n\n<div style=\"height:20px\" aria-hidden=\"true\" class=\"wp-block-spacer\"><\/div>\n\n\n\n<h4 class=\"wp-block-heading\"><strong>Estampas de Chile<\/strong><\/h4>\n\n\n\n<div class=\"wp-block-columns is-layout-flex wp-container-core-columns-is-layout-9d6595d7 wp-block-columns-is-layout-flex\">\n<div class=\"wp-block-column is-layout-flow wp-block-column-is-layout-flow\">\n<p class=\"justificar\">De los bailes de tierra la \u201cCueca\u201d es la m\u00e1xima expresi\u00f3n del folclor musical chileno. Sin embargo, existen una gran variedad de canciones y bailes que configuran la fisonom\u00eda de Chile, siendo representativas en las distintas regiones y grupos sociales del territorio y que constituyen un aporte al folclore y a la Cultura Popular Chilena.<br>Preg\u00f3n Criollo, tomando la valiosa informaci\u00f3n recopilada por investigadores y recopiladores, monta la puesta en escena \u201cEstampas de Chile\u201d.<\/p>\n<\/div>\n\n\n\n<div class=\"wp-block-column is-layout-flow wp-block-column-is-layout-flow\"><div class=\"wp-block-image decoracion_imagen\">\n<figure class=\"aligncenter size-medium\"><img loading=\"lazy\" decoding=\"async\" width=\"300\" height=\"225\" src=\"https:\/\/pregoncriollo.cl\/wp-content\/uploads\/2025\/10\/6-Estampas-de-Chile_webp-300x225.webp\" alt=\"\" class=\"wp-image-917\" srcset=\"https:\/\/pregoncriollo.cl\/wp-content\/uploads\/2025\/10\/6-Estampas-de-Chile_webp-300x225.webp 300w, https:\/\/pregoncriollo.cl\/wp-content\/uploads\/2025\/10\/6-Estampas-de-Chile_webp-768x576.webp 768w, https:\/\/pregoncriollo.cl\/wp-content\/uploads\/2025\/10\/6-Estampas-de-Chile_webp.webp 800w\" sizes=\"auto, (max-width: 300px) 100vw, 300px\" \/><\/figure><\/div><\/div>\n<\/div>\n\n\n\n<div style=\"height:20px\" aria-hidden=\"true\" class=\"wp-block-spacer\"><\/div>\n\n\n\n<h4 class=\"wp-block-heading\"><strong>Chilo\u00e9, M\u00fasica y Danzas<\/strong><\/h4>\n\n\n\n<div class=\"wp-block-columns is-layout-flex wp-container-core-columns-is-layout-9d6595d7 wp-block-columns-is-layout-flex\">\n<div class=\"wp-block-column is-layout-flow wp-block-column-is-layout-flow\">\n<p class=\"justificar\">Al sur de Chile se encuentra Chilo\u00e9, una de las regiones con mayor riqueza folcl\u00f3rica del pa\u00eds. La influencia hispana, junto con la labor evangelizadora de los jesuitas, dio origen a un profundo sincretismo con la cultura huilliche. Este mestizaje cultural se refleja hasta hoy en las festividades religiosas, que se celebran con gran devoci\u00f3n en capillas e iglesias distribuidas por todo el archipi\u00e9lago.<br>El Grupo Folcl\u00f3rico Preg\u00f3n Criollo, bas\u00e1ndose en estudios, recopilaciones e investigaciones, presenta el montaje coreogr\u00e1fico \u201cChilo\u00e9: M\u00fasica y Danzas\u201d.<\/p>\n<\/div>\n\n\n\n<div class=\"wp-block-column is-layout-flow wp-block-column-is-layout-flow\"><div class=\"wp-block-image decoracion_imagen\">\n<figure class=\"aligncenter size-medium\"><img loading=\"lazy\" decoding=\"async\" width=\"300\" height=\"225\" src=\"https:\/\/pregoncriollo.cl\/wp-content\/uploads\/2025\/10\/4-Chiloe_webp-300x225.webp\" alt=\"\" class=\"wp-image-913\" srcset=\"https:\/\/pregoncriollo.cl\/wp-content\/uploads\/2025\/10\/4-Chiloe_webp-300x225.webp 300w, https:\/\/pregoncriollo.cl\/wp-content\/uploads\/2025\/10\/4-Chiloe_webp-768x576.webp 768w, https:\/\/pregoncriollo.cl\/wp-content\/uploads\/2025\/10\/4-Chiloe_webp.webp 800w\" sizes=\"auto, (max-width: 300px) 100vw, 300px\" \/><\/figure><\/div><\/div>\n<\/div>\n\n\n\n<hr class=\"wp-block-separator has-alpha-channel-opacity\"\/>\n\n\n\n<h2 class=\"wp-block-heading\"><strong><em>Obras<\/em><\/strong><\/h2>\n\n\n\n<h4 class=\"wp-block-heading\"><strong>Fiesta Criolla: Un viaje por el Alma de Chile<\/strong><\/h4>\n\n\n\n<div class=\"wp-block-columns is-layout-flex wp-container-core-columns-is-layout-9d6595d7 wp-block-columns-is-layout-flex\">\n<div class=\"wp-block-column is-layout-flow wp-block-column-is-layout-flow\">\n<p class=\"justificar\">Preg\u00f3n Criollo invita a descubrir la riqueza de nuestro pa\u00eds con \u201cFiesta Criolla\u201d, una puesta en escena que recorre el Chile profundo. Desde el \u00e1rido norte con sus huaynos y cachimbos, la zona central con el alma huasa, el sur austral con periconas y rancheras, hasta la magia de Rapa Nui. Cada danza y melod\u00eda nos conecta con nuestras ra\u00edces y celebra la identidad cultural que nos une.<\/p>\n<\/div>\n\n\n\n<div class=\"wp-block-column is-layout-flow wp-block-column-is-layout-flow\"><div class=\"wp-block-image decoracion_imagen\">\n<figure class=\"aligncenter size-medium\"><img loading=\"lazy\" decoding=\"async\" width=\"282\" height=\"300\" src=\"https:\/\/pregoncriollo.cl\/wp-content\/uploads\/2025\/10\/Fiesta-Criolla_webp-282x300.webp\" alt=\"\" class=\"wp-image-898\" srcset=\"https:\/\/pregoncriollo.cl\/wp-content\/uploads\/2025\/10\/Fiesta-Criolla_webp-282x300.webp 282w, https:\/\/pregoncriollo.cl\/wp-content\/uploads\/2025\/10\/Fiesta-Criolla_webp.webp 359w\" sizes=\"auto, (max-width: 282px) 100vw, 282px\" \/><\/figure><\/div><\/div>\n<\/div>\n\n\n\n<div style=\"height:20px\" aria-hidden=\"true\" class=\"wp-block-spacer\"><\/div>\n\n\n\n<h4 class=\"wp-block-heading\"><strong>La Cruz, la Creencia y la Tradici\u00f3n<\/strong><\/h4>\n\n\n\n<div class=\"wp-block-columns is-layout-flex wp-container-core-columns-is-layout-9d6595d7 wp-block-columns-is-layout-flex\">\n<div class=\"wp-block-column is-layout-flow wp-block-column-is-layout-flow\">\n<p class=\"justificar\">Preg\u00f3n Criollo, tiene el agrado de presentar una puesta en escena diferente pero que trae consigo una de las tradiciones m\u00e1s antiguas de nuestro pueblo, se trata de creencias, leyendas, fervor, cantos y bailes tradicionales, basado sobre la Religiosidad popular de nuestro pueblo y que son parte de la descendencia cultural de la tradici\u00f3n.<\/p>\n<\/div>\n\n\n\n<div class=\"wp-block-column is-layout-flow wp-block-column-is-layout-flow\"><div class=\"wp-block-image decoracion_imagen\">\n<figure class=\"aligncenter size-medium\"><img loading=\"lazy\" decoding=\"async\" width=\"300\" height=\"300\" src=\"https:\/\/pregoncriollo.cl\/wp-content\/uploads\/2025\/10\/La-cruz-la-creencia-y-la-tradicion_webp-300x300.webp\" alt=\"\" class=\"wp-image-900\" srcset=\"https:\/\/pregoncriollo.cl\/wp-content\/uploads\/2025\/10\/La-cruz-la-creencia-y-la-tradicion_webp-300x300.webp 300w, https:\/\/pregoncriollo.cl\/wp-content\/uploads\/2025\/10\/La-cruz-la-creencia-y-la-tradicion_webp-150x150.webp 150w, https:\/\/pregoncriollo.cl\/wp-content\/uploads\/2025\/10\/La-cruz-la-creencia-y-la-tradicion_webp.webp 390w\" sizes=\"auto, (max-width: 300px) 100vw, 300px\" \/><\/figure><\/div><\/div>\n<\/div>\n\n\n\n<div style=\"height:20px\" aria-hidden=\"true\" class=\"wp-block-spacer\"><\/div>\n\n\n\n<h4 class=\"wp-block-heading\"><strong>La Chilena: 200 A\u00f1os de Tradici\u00f3n<\/strong><\/h4>\n\n\n\n<div class=\"wp-block-columns is-layout-flex wp-container-core-columns-is-layout-9d6595d7 wp-block-columns-is-layout-flex\">\n<div class=\"wp-block-column is-layout-flow wp-block-column-is-layout-flow\">\n<p class=\"justificar\">La Chilena es la voz del campo, el eco de nuestras ra\u00edces y la esencia de un pueblo que ha sabido expresar su historia a trav\u00e9s del canto y la danza. Con esta obra, Preg\u00f3n Criollo celebra dos siglos de tradici\u00f3n viva, donde la m\u00fasica criolla, el huaso y la guitarra se unen para rendir homenaje a la identidad cultural de Chile. \u201cLa Chilena: 200 a\u00f1os de tradici\u00f3n\u201d es un reconocimiento a quienes, generaci\u00f3n tras generaci\u00f3n, han mantenido vivo el esp\u00edritu de nuestra tierra.<\/p>\n<\/div>\n\n\n\n<div class=\"wp-block-column is-layout-flow wp-block-column-is-layout-flow\"><div class=\"wp-block-image decoracion_imagen\">\n<figure class=\"aligncenter size-medium\"><img loading=\"lazy\" decoding=\"async\" width=\"273\" height=\"300\" src=\"https:\/\/pregoncriollo.cl\/wp-content\/uploads\/2025\/10\/La-Chilena_webp-273x300.webp\" alt=\"\" class=\"wp-image-899\" srcset=\"https:\/\/pregoncriollo.cl\/wp-content\/uploads\/2025\/10\/La-Chilena_webp-273x300.webp 273w, https:\/\/pregoncriollo.cl\/wp-content\/uploads\/2025\/10\/La-Chilena_webp.webp 364w\" sizes=\"auto, (max-width: 273px) 100vw, 273px\" \/><\/figure><\/div><\/div>\n<\/div>\n\n\n\n<div style=\"height:20px\" aria-hidden=\"true\" class=\"wp-block-spacer\"><\/div>\n\n\n\n<h4 class=\"wp-block-heading\"><strong>Un Florecer de Tradici\u00f3n Viva<\/strong><\/h4>\n\n\n\n<div class=\"wp-block-columns is-layout-flex wp-container-core-columns-is-layout-9d6595d7 wp-block-columns-is-layout-flex\">\n<div class=\"wp-block-column is-layout-flow wp-block-column-is-layout-flow\">\n<p class=\"justificar\">Este espect\u00e1culo celebra la riqueza cultural de Chile a trav\u00e9s de cuatro tradiciones regionales, donde la mujer es protagonista. Cada escena destaca su papel fundamental como portadora de costumbres y saberes ancestrales. Versos y danzas muestran su conexi\u00f3n con la tierra y su aporte en la conservaci\u00f3n de nuestras ra\u00edces. La obra rinde homenaje al legado de Patricia Trujillo Morales QEPD. y de todas las mujeres que han dado vida al folclore chileno, inspirando a las nuevas generaciones a valorar su herencia.<\/p>\n<\/div>\n\n\n\n<div class=\"wp-block-column is-layout-flow wp-block-column-is-layout-flow\"><div class=\"wp-block-image decoracion_imagen\">\n<figure class=\"aligncenter size-medium\"><img loading=\"lazy\" decoding=\"async\" width=\"269\" height=\"300\" src=\"https:\/\/pregoncriollo.cl\/wp-content\/uploads\/2025\/10\/Un-florecer-de-tradicion-viva_webp-269x300.webp\" alt=\"\" class=\"wp-image-901\" srcset=\"https:\/\/pregoncriollo.cl\/wp-content\/uploads\/2025\/10\/Un-florecer-de-tradicion-viva_webp-269x300.webp 269w, https:\/\/pregoncriollo.cl\/wp-content\/uploads\/2025\/10\/Un-florecer-de-tradicion-viva_webp.webp 379w\" sizes=\"auto, (max-width: 269px) 100vw, 269px\" \/><\/figure><\/div><\/div>\n<\/div>\n\n\n\n<hr class=\"wp-block-separator has-alpha-channel-opacity\"\/>\n\n\n\n<div style=\"height:30px\" aria-hidden=\"true\" class=\"wp-block-spacer\"><\/div>\n\n\n\n<div class=\"wp-block-buttons is-layout-flex wp-block-buttons-is-layout-flex\">\n<div class=\"wp-block-button is-style-fill\"><a class=\"wp-block-button__link wp-element-button\" href=\"https:\/\/pregoncriollo.cl\/\">Portada<\/a><\/div>\n<\/div>\n","protected":false},"excerpt":{"rendered":"<p>Repertorio Huaso La zona central es la regi\u00f3n m\u00e1s poblada de Chile y donde se conservan con mayor fuerza las influencias musicales y danc\u00edsticas del Viejo Continente. Estas tradiciones europeas se fusionaron con la m\u00fasica aut\u00f3ctona, dando origen a la m\u00fasica criolla chilena, cuya expresi\u00f3n m\u00e1s representativa es la figura del huaso y el campesino.Tras &#8230; <a title=\"Repertorio\" class=\"read-more\" href=\"https:\/\/pregoncriollo.cl\/index.php\/repertorio\/\" aria-label=\"Leer m\u00e1s sobre Repertorio\">Leer m\u00e1s<\/a><\/p>\n","protected":false},"author":1,"featured_media":0,"parent":0,"menu_order":7,"comment_status":"closed","ping_status":"closed","template":"","meta":{"footnotes":""},"class_list":["post-37","page","type-page","status-publish"],"yoast_head":"<!-- This site is optimized with the Yoast SEO plugin v27.2 - https:\/\/yoast.com\/product\/yoast-seo-wordpress\/ -->\n<title>Repertorio - Grupo Folcl\u00f3rico Preg\u00f3n Criollo<\/title>\n<meta name=\"robots\" content=\"index, follow, max-snippet:-1, max-image-preview:large, max-video-preview:-1\" \/>\n<link rel=\"canonical\" href=\"https:\/\/pregoncriollo.cl\/index.php\/repertorio\/\" \/>\n<meta property=\"og:locale\" content=\"es_ES\" \/>\n<meta property=\"og:type\" content=\"article\" \/>\n<meta property=\"og:title\" content=\"Repertorio - Grupo Folcl\u00f3rico Preg\u00f3n Criollo\" \/>\n<meta property=\"og:description\" content=\"Repertorio Huaso La zona central es la regi\u00f3n m\u00e1s poblada de Chile y donde se conservan con mayor fuerza las influencias musicales y danc\u00edsticas del Viejo Continente. Estas tradiciones europeas se fusionaron con la m\u00fasica aut\u00f3ctona, dando origen a la m\u00fasica criolla chilena, cuya expresi\u00f3n m\u00e1s representativa es la figura del huaso y el campesino.Tras ... Leer m\u00e1s\" \/>\n<meta property=\"og:url\" content=\"https:\/\/pregoncriollo.cl\/index.php\/repertorio\/\" \/>\n<meta property=\"og:site_name\" content=\"Grupo Folcl\u00f3rico Preg\u00f3n Criollo\" \/>\n<meta property=\"article:publisher\" content=\"https:\/\/www.facebook.com\/PregonCriolloChile\/\" \/>\n<meta property=\"article:modified_time\" content=\"2025-10-22T00:29:37+00:00\" \/>\n<meta property=\"og:image\" content=\"https:\/\/pregoncriollo.cl\/wp-content\/uploads\/2025\/10\/1-Huaso_webp-300x225.webp\" \/>\n<meta name=\"twitter:card\" content=\"summary_large_image\" \/>\n<meta name=\"twitter:label1\" content=\"Tiempo estimado de lectura\" \/>\n\t<meta name=\"twitter:data1\" content=\"6 minutos\" \/>\n<script type=\"application\/ld+json\" class=\"yoast-schema-graph\">{\"@context\":\"https:\/\/schema.org\",\"@graph\":[{\"@type\":\"WebPage\",\"@id\":\"https:\/\/pregoncriollo.cl\/index.php\/repertorio\/\",\"url\":\"https:\/\/pregoncriollo.cl\/index.php\/repertorio\/\",\"name\":\"Repertorio - Grupo Folcl\u00f3rico Preg\u00f3n Criollo\",\"isPartOf\":{\"@id\":\"https:\/\/pregoncriollo.cl\/#website\"},\"primaryImageOfPage\":{\"@id\":\"https:\/\/pregoncriollo.cl\/index.php\/repertorio\/#primaryimage\"},\"image\":{\"@id\":\"https:\/\/pregoncriollo.cl\/index.php\/repertorio\/#primaryimage\"},\"thumbnailUrl\":\"https:\/\/pregoncriollo.cl\/wp-content\/uploads\/2025\/10\/1-Huaso_webp-300x225.webp\",\"datePublished\":\"2025-10-01T16:08:21+00:00\",\"dateModified\":\"2025-10-22T00:29:37+00:00\",\"breadcrumb\":{\"@id\":\"https:\/\/pregoncriollo.cl\/index.php\/repertorio\/#breadcrumb\"},\"inLanguage\":\"es-CL\",\"potentialAction\":[{\"@type\":\"ReadAction\",\"target\":[\"https:\/\/pregoncriollo.cl\/index.php\/repertorio\/\"]}]},{\"@type\":\"ImageObject\",\"inLanguage\":\"es-CL\",\"@id\":\"https:\/\/pregoncriollo.cl\/index.php\/repertorio\/#primaryimage\",\"url\":\"https:\/\/pregoncriollo.cl\/wp-content\/uploads\/2025\/10\/1-Huaso_webp.webp\",\"contentUrl\":\"https:\/\/pregoncriollo.cl\/wp-content\/uploads\/2025\/10\/1-Huaso_webp.webp\",\"width\":800,\"height\":600},{\"@type\":\"BreadcrumbList\",\"@id\":\"https:\/\/pregoncriollo.cl\/index.php\/repertorio\/#breadcrumb\",\"itemListElement\":[{\"@type\":\"ListItem\",\"position\":1,\"name\":\"Portada\",\"item\":\"https:\/\/pregoncriollo.cl\/\"},{\"@type\":\"ListItem\",\"position\":2,\"name\":\"Repertorio\"}]},{\"@type\":\"WebSite\",\"@id\":\"https:\/\/pregoncriollo.cl\/#website\",\"url\":\"https:\/\/pregoncriollo.cl\/\",\"name\":\"Grupo Folcl\u00f3rico Preg\u00f3n Criollo\",\"description\":\"Sitio web oficial del Grupo Folcl\u00f3rico Preg\u00f3n Criollo\",\"publisher\":{\"@id\":\"https:\/\/pregoncriollo.cl\/#organization\"},\"potentialAction\":[{\"@type\":\"SearchAction\",\"target\":{\"@type\":\"EntryPoint\",\"urlTemplate\":\"https:\/\/pregoncriollo.cl\/?s={search_term_string}\"},\"query-input\":{\"@type\":\"PropertyValueSpecification\",\"valueRequired\":true,\"valueName\":\"search_term_string\"}}],\"inLanguage\":\"es-CL\"},{\"@type\":\"Organization\",\"@id\":\"https:\/\/pregoncriollo.cl\/#organization\",\"name\":\"Grupo Folcl\u00f3rico Preg\u00f3n Criollo\",\"url\":\"https:\/\/pregoncriollo.cl\/\",\"logo\":{\"@type\":\"ImageObject\",\"inLanguage\":\"es-CL\",\"@id\":\"https:\/\/pregoncriollo.cl\/#\/schema\/logo\/image\/\",\"url\":\"https:\/\/pregoncriollo.cl\/wp-content\/uploads\/2025\/10\/logo-pregon-webp.webp\",\"contentUrl\":\"https:\/\/pregoncriollo.cl\/wp-content\/uploads\/2025\/10\/logo-pregon-webp.webp\",\"width\":336,\"height\":120,\"caption\":\"Grupo Folcl\u00f3rico Preg\u00f3n Criollo\"},\"image\":{\"@id\":\"https:\/\/pregoncriollo.cl\/#\/schema\/logo\/image\/\"},\"sameAs\":[\"https:\/\/www.facebook.com\/PregonCriolloChile\/\",\"https:\/\/www.youtube.com\/channel\/UCv3UXkirClyHXugJfcCfDgg\",\"https:\/\/www.instagram.com\/pregoncriollo\/\"]}]}<\/script>\n<!-- \/ Yoast SEO plugin. -->","yoast_head_json":{"title":"Repertorio - Grupo Folcl\u00f3rico Preg\u00f3n Criollo","robots":{"index":"index","follow":"follow","max-snippet":"max-snippet:-1","max-image-preview":"max-image-preview:large","max-video-preview":"max-video-preview:-1"},"canonical":"https:\/\/pregoncriollo.cl\/index.php\/repertorio\/","og_locale":"es_ES","og_type":"article","og_title":"Repertorio - Grupo Folcl\u00f3rico Preg\u00f3n Criollo","og_description":"Repertorio Huaso La zona central es la regi\u00f3n m\u00e1s poblada de Chile y donde se conservan con mayor fuerza las influencias musicales y danc\u00edsticas del Viejo Continente. Estas tradiciones europeas se fusionaron con la m\u00fasica aut\u00f3ctona, dando origen a la m\u00fasica criolla chilena, cuya expresi\u00f3n m\u00e1s representativa es la figura del huaso y el campesino.Tras ... Leer m\u00e1s","og_url":"https:\/\/pregoncriollo.cl\/index.php\/repertorio\/","og_site_name":"Grupo Folcl\u00f3rico Preg\u00f3n Criollo","article_publisher":"https:\/\/www.facebook.com\/PregonCriolloChile\/","article_modified_time":"2025-10-22T00:29:37+00:00","og_image":[{"url":"https:\/\/pregoncriollo.cl\/wp-content\/uploads\/2025\/10\/1-Huaso_webp-300x225.webp","type":"","width":"","height":""}],"twitter_card":"summary_large_image","twitter_misc":{"Tiempo estimado de lectura":"6 minutos"},"schema":{"@context":"https:\/\/schema.org","@graph":[{"@type":"WebPage","@id":"https:\/\/pregoncriollo.cl\/index.php\/repertorio\/","url":"https:\/\/pregoncriollo.cl\/index.php\/repertorio\/","name":"Repertorio - Grupo Folcl\u00f3rico Preg\u00f3n Criollo","isPartOf":{"@id":"https:\/\/pregoncriollo.cl\/#website"},"primaryImageOfPage":{"@id":"https:\/\/pregoncriollo.cl\/index.php\/repertorio\/#primaryimage"},"image":{"@id":"https:\/\/pregoncriollo.cl\/index.php\/repertorio\/#primaryimage"},"thumbnailUrl":"https:\/\/pregoncriollo.cl\/wp-content\/uploads\/2025\/10\/1-Huaso_webp-300x225.webp","datePublished":"2025-10-01T16:08:21+00:00","dateModified":"2025-10-22T00:29:37+00:00","breadcrumb":{"@id":"https:\/\/pregoncriollo.cl\/index.php\/repertorio\/#breadcrumb"},"inLanguage":"es-CL","potentialAction":[{"@type":"ReadAction","target":["https:\/\/pregoncriollo.cl\/index.php\/repertorio\/"]}]},{"@type":"ImageObject","inLanguage":"es-CL","@id":"https:\/\/pregoncriollo.cl\/index.php\/repertorio\/#primaryimage","url":"https:\/\/pregoncriollo.cl\/wp-content\/uploads\/2025\/10\/1-Huaso_webp.webp","contentUrl":"https:\/\/pregoncriollo.cl\/wp-content\/uploads\/2025\/10\/1-Huaso_webp.webp","width":800,"height":600},{"@type":"BreadcrumbList","@id":"https:\/\/pregoncriollo.cl\/index.php\/repertorio\/#breadcrumb","itemListElement":[{"@type":"ListItem","position":1,"name":"Portada","item":"https:\/\/pregoncriollo.cl\/"},{"@type":"ListItem","position":2,"name":"Repertorio"}]},{"@type":"WebSite","@id":"https:\/\/pregoncriollo.cl\/#website","url":"https:\/\/pregoncriollo.cl\/","name":"Grupo Folcl\u00f3rico Preg\u00f3n Criollo","description":"Sitio web oficial del Grupo Folcl\u00f3rico Preg\u00f3n Criollo","publisher":{"@id":"https:\/\/pregoncriollo.cl\/#organization"},"potentialAction":[{"@type":"SearchAction","target":{"@type":"EntryPoint","urlTemplate":"https:\/\/pregoncriollo.cl\/?s={search_term_string}"},"query-input":{"@type":"PropertyValueSpecification","valueRequired":true,"valueName":"search_term_string"}}],"inLanguage":"es-CL"},{"@type":"Organization","@id":"https:\/\/pregoncriollo.cl\/#organization","name":"Grupo Folcl\u00f3rico Preg\u00f3n Criollo","url":"https:\/\/pregoncriollo.cl\/","logo":{"@type":"ImageObject","inLanguage":"es-CL","@id":"https:\/\/pregoncriollo.cl\/#\/schema\/logo\/image\/","url":"https:\/\/pregoncriollo.cl\/wp-content\/uploads\/2025\/10\/logo-pregon-webp.webp","contentUrl":"https:\/\/pregoncriollo.cl\/wp-content\/uploads\/2025\/10\/logo-pregon-webp.webp","width":336,"height":120,"caption":"Grupo Folcl\u00f3rico Preg\u00f3n Criollo"},"image":{"@id":"https:\/\/pregoncriollo.cl\/#\/schema\/logo\/image\/"},"sameAs":["https:\/\/www.facebook.com\/PregonCriolloChile\/","https:\/\/www.youtube.com\/channel\/UCv3UXkirClyHXugJfcCfDgg","https:\/\/www.instagram.com\/pregoncriollo\/"]}]}},"_links":{"self":[{"href":"https:\/\/pregoncriollo.cl\/index.php\/wp-json\/wp\/v2\/pages\/37","targetHints":{"allow":["GET"]}}],"collection":[{"href":"https:\/\/pregoncriollo.cl\/index.php\/wp-json\/wp\/v2\/pages"}],"about":[{"href":"https:\/\/pregoncriollo.cl\/index.php\/wp-json\/wp\/v2\/types\/page"}],"author":[{"embeddable":true,"href":"https:\/\/pregoncriollo.cl\/index.php\/wp-json\/wp\/v2\/users\/1"}],"replies":[{"embeddable":true,"href":"https:\/\/pregoncriollo.cl\/index.php\/wp-json\/wp\/v2\/comments?post=37"}],"version-history":[{"count":24,"href":"https:\/\/pregoncriollo.cl\/index.php\/wp-json\/wp\/v2\/pages\/37\/revisions"}],"predecessor-version":[{"id":943,"href":"https:\/\/pregoncriollo.cl\/index.php\/wp-json\/wp\/v2\/pages\/37\/revisions\/943"}],"wp:attachment":[{"href":"https:\/\/pregoncriollo.cl\/index.php\/wp-json\/wp\/v2\/media?parent=37"}],"curies":[{"name":"wp","href":"https:\/\/api.w.org\/{rel}","templated":true}]}}